and 310?
310
Calculate the greatest common factor of 60598790 and 70.
70
What is the highest common factor of 1490292 and 504?
36
What is the greatest common factor of 21504 and 84?
84
Calculate the highest common factor of 7825060 and 2392.
92
What is the highest common factor of 21287644 and 196?
28
What is the greatest common divisor of 2163 and 1008576?
309
Calculate the greatest common divisor of 452765991 and 456.
57
Calculate the greatest common divisor of 70 and 103710.
10
What is the highest common factor of 4263379913 and 4771?
4771
Calculate the highest common factor of 20549727 and 54.
27
What is the greatest common divisor of 933 and 4364263?
311
Calculate the greatest common factor of 1375 and 1750870.
55
What is the highest common factor of 61160130 and 135?
135
Calculate the greatest common factor of 151371 and 455364.
1251
Calculate the highest common divisor of 19 and 11762387.
19
Calculate the highest common factor of 169761 and 14129.
71
What is the greatest common divisor of 1900 and 1350292?
76
What is the greatest common factor of 145342957 and 2231?
2231
Calculate the highest common divisor of 778 and 1204971846.
778
Calculate the greatest common divisor of 2508675 and 61503.
3237
Calculate the greatest common divisor of 3371976 and 77787.
1809
Calculate the highest common factor of 26 and 46237.
1
Calculate the highest common divisor of 1869 and 21303485.
623
What is the highest common divisor of 2006 and 61948289?
1003
Calculate the highest common divisor of 42368624 and 41146.
5878
What is the highest common factor of 72637151 and 7682?
3841
What is the greatest common divisor of 4197 and 26974119?
4197
Calculate the greatest common factor of 1035 and 61635055.
115
Calculate the highest common factor of 3754941 and 2289.
327
Calculate the highest common factor of 382 and 206465843.
191
What is the greatest common divisor of 30 and 1458918?
6
What is the highest common factor of 1382 and 181336366?
1382
Calculate the greatest common factor of 23797883 and 291.
97
What is the highest common divisor of 154 and 651445179?
77
What is the highest common divisor of 1537579771 and 637?
637
What is the highest common factor of 444 and 86669472?
12
What is the highest common divisor of 2634493994 and 15422?
15422
What is the highest common factor of 1106549718 and 2148?
1074
What is the highest common factor of 47475 and 1075?
25
What is the greatest common factor of 26 and 162797518?
26
Calculate the greatest common factor of 4441 and 108951053.
4441
Calculate the greatest common factor of 2801016 and 11160.
72
Calculate the greatest common factor of 18 and 26118546.
6
What is the greatest common factor of 42587 and 999?
37
Calculate the greatest common divisor of 147 and 936636.
3
Calculate the greatest common factor of 5583 and 58658720.
1861
What is the greatest common divisor of 9548235 and 45?
45
What is the greatest common factor of 77600 and 143040080?
7760
Calculate the highest common factor of 3090 and 479755460.
1030
What is the greatest common divisor of 1038 and 1572051?
519
What is the greatest common factor of 8 and 93184296?
8
Calculate the highest common divisor of 229686 and 534.
6
What is the highest common divisor of 571840 and 7232?
64
What is the highest common factor of 254295 and 26496?
9
Calculate the greatest common divisor of 14 and 1298183894.
14
Calculate the greatest common divisor of 160 and 12961184.
32
What is the highest common factor of 4248989 and 5?
1
Calculate the highest common factor of 58553850 and 300.
150
Calculate the greatest common divisor of 708 and 340331352.
708
What is the greatest common factor of 994 and 350518?
14
Calculate the highest common factor of 8607663 and 5904.
369
What is the highest common divisor of 7350 and 261529170?
1470
Calculate the highest common divisor of 75101262 and 171.
57
What is the highest common factor of 1903 and 81355153?
1903
Calculate the highest common factor of 547 and 19338091.
547
What is the greatest common factor of 23456441 and 395915?
6091
Calculate the greatest common factor of 8107 and 15542593.
737
What is the greatest common factor of 105245 and 14296345?
3395
What is the highest common factor of 1197 and 160085849?
133
Calculate the greatest common factor of 1340 and 5051660.
20
Calculate the highest common divisor of 88647232 and 512.
64
Calculate the highest common divisor of 5133240 and 32095.
245
Calculate the greatest common factor of 44 and 10050491.
11
Calculate the highest common divisor of 4061242 and 32.
2
What is the highest common divisor of 186719486 and 14126?
2018
Calculate the highest common factor of 25574925 and 675.
75
What is the highest common factor of 10255 and 8874970?
1465
What is the greatest common divisor of 119210 and 405860?
910
What is the highest common factor of 31889227 and 703?
37
What is the greatest common factor of 1911 and 758316?
39
What is the greatest common divisor of 107020 and 2570?
10
What is the greatest common divisor of 7375964 and 19046?
178
What is the greatest common factor of 6125 and 184505?
5
Calculate the highest common factor of 66148 and 358432.
92
What is the greatest common factor of 8340 and 14580?
60
What is the greatest common divisor of 182728 and 70161?
91
What is the greatest common factor of 63 and 1600686801?
63
Calculate the highest common factor of 19540873 and 836.
209
What is the highest common factor of 20333610 and 165?
165
What is the highest common divisor of 11081 and 25448308?
1583
What is the highest common factor of 119601 and 6987?
411
Calculate the greatest common divisor of 558900 and 1308.
12
What is the highest common divisor of 2295643 and 282653?
1043
Calculate the greatest common factor of 6 and 5912394.
6
Calculate the highest common factor of 27590368 and 348.
116
Calculate the greatest common factor of 17607437 and 58.
29
What is the greatest common divisor of 664846 and 320593?
1183
What is the greatest common divisor of 870099 and 5?
1
What is the highest common factor of 247 and 991097?
19
What is the highest common factor of 9535657 and 50881?
697
Calculate the greatest common divisor of 253878 and 6636.
6
What is the highest common factor of 445450 and 111287?
151
Calculate the highest common divisor of 24975 and 81400.
925
What is the highest common divisor of 28200 and 104873450?
2350
What is the highest common divisor of 4593 and 519809713?
1531
What is the highest common divisor of 32640839 and 1732?
433
What is the highest common divisor of 1024422 and 196?
14
What is the greatest common factor of 626 and 40339127?
313
What is the highest common divisor of 940884199 and 4826?
2413
Calculate the greatest common factor of 26727921 and 10323.
279
What is the highest common factor of 110 and 97521545?
55
What is the greatest common divisor of 1099526 and 443?
443
What is the greatest common divisor of 22581 and 885677?
2509
What is the highest common divisor of 1755 and 16127085?
195
Calculate the greatest common factor of 18927 and 5139.
9
Calculate the highest common divisor of 208017 and 66151.
797
What is the greatest common factor of 149416680 and 17640?
5880
What is the highest common factor of 939240120 and 280?
280
Calculate the highest common factor of 56773878 and 90.
6
What is the greatest common divisor of 3948 and 21084?
84
Calculate the greatest common divisor of 156 and 59458269.
39
What is the greatest common divisor of 5341835 and 35?
5
Calculate the highest common divisor of 97881 and 366.
3
Calculate the greatest common divisor of 12685 and 16087160.
215
What is the greatest common divisor of 372 and 149844?
12
Calculate the highest common divisor of 2291776 and 576.
64
What is the highest common divisor of 180 and 11986596?
36
Calculate the highest common factor of 284880000 and 2400.
2400
What is the highest common divisor of 75886840 and 80?
40
What is the highest common divisor of 210092033 and 866?
433
What is the greatest common factor of 64468 and 876?
4
What is the greatest common factor of 17390 and 806144?
94
What is the highest common factor of 41763384 and 121017?
4173
Calculate the greatest common factor of 1757530 and 65.
5
What is the highest common divisor of 54765269 and 52?
13
What is the greate